{"id":599,"date":"2024-08-21T19:16:04","date_gmt":"2024-08-21T17:16:04","guid":{"rendered":"https:\/\/ytineraire.com\/?page_id=599"},"modified":"2024-08-22T19:04:23","modified_gmt":"2024-08-22T17:04:23","slug":"vos-premiers-pas-en-france","status":"publish","type":"page","link":"https:\/\/ytineraire.com\/?page_id=599","title":{"rendered":"Vos premiers pas en France"},"content":{"rendered":"<div class=\"wp-block-image\">\n<figure class=\"alignright size-large is-resized\"><img decoding=\"async\" loading=\"lazy\" width=\"2560\" height=\"1600\" src=\"https:\/\/ytineraire.com\/wp-content\/uploads\/2024\/08\/IMG-YTN-edited-scaled.jpg\" alt=\"\" class=\"wp-image-608\" style=\"aspect-ratio:1.6;width:490px;height:auto\" srcset=\"https:\/\/ytineraire.com\/wp-content\/uploads\/2024\/08\/IMG-YTN-edited-scaled.jpg 2560w, https:\/\/ytineraire.com\/wp-content\/uploads\/2024\/08\/IMG-YTN-edited-300x187.jpg 300w, https:\/\/ytineraire.com\/wp-content\/uploads\/2024\/08\/IMG-YTN-edited-1024x640.jpg 1024w, https:\/\/ytineraire.com\/wp-content\/uploads\/2024\/08\/IMG-YTN-edited-768x480.jpg 768w, https:\/\/ytineraire.com\/wp-content\/uploads\/2024\/08\/IMG-YTN-edited-1536x960.jpg 1536w, https:\/\/ytineraire.com\/wp-content\/uploads\/2024\/08\/IMG-YTN-edited-2048x1280.jpg 2048w, https:\/\/ytineraire.com\/wp-content\/uploads\/2024\/08\/IMG-YTN-edited-600x375.jpg 600w\" sizes=\"(max-width: 2560px) 100vw, 2560px\" \/><\/figure><\/div>\n\n\n<p class=\"has-large-font-size\"><strong>Accueil et aide \u00e0 l\u2019installation des \u00e9tudiants internationaux<\/strong><\/p>\n\n\n\n<p class=\"has-text-align-left has-medium-font-size\">B\u00e9n\u00e9ficiez d\u2019un accompagnement personnalis\u00e9 dans votre parcours d\u2019installation et dans la r\u00e9alisation de vos premi\u00e8res d\u00e9marches administratives. Gr\u00e2ce \u00e0 notre r\u00e9seau de partenaires, nous facilitons vos d\u00e9marches\u00a0:<\/p>\n\n\n\n<ul style=\"font-size:100px\">\n<li class=\"has-medium-font-size\">&nbsp;&nbsp;&nbsp;&nbsp;&nbsp;&nbsp;&nbsp;Logement<\/li>\n\n\n\n<li class=\"has-medium-font-size\">&nbsp;&nbsp;&nbsp;&nbsp;&nbsp;&nbsp;&nbsp;D\u00e9marches administratives (Validation visa \u00e9tudiant, CAF, s\u00e9curit\u00e9 sociale etc)<\/li>\n\n\n\n<li class=\"has-medium-font-size\">&nbsp;&nbsp;&nbsp;&nbsp;&nbsp;&nbsp;&nbsp;Ouverture de compte bancaire<\/li>\n\n\n\n<li class=\"has-medium-font-size\">&nbsp;&nbsp;&nbsp;&nbsp;&nbsp;&nbsp;&nbsp;Assurances (habitation, mutuelle)<\/li>\n\n\n\n<li class=\"has-medium-font-size\">&nbsp;&nbsp;&nbsp;&nbsp;&nbsp;&nbsp;&nbsp;Contrats d\u2019\u00e9nergie (\u00e9lectricit\u00e9, gaz)<\/li>\n\n\n\n<li class=\"has-medium-font-size\">&nbsp;&nbsp;&nbsp;&nbsp;&nbsp;&nbsp;&nbsp;Abonnements (forfaits t\u00e9l\u00e9phoniques, internet, transport)<\/li>\n\n\n\n<li class=\"has-medium-font-size\">&nbsp;&nbsp;&nbsp;&nbsp;&nbsp; &nbsp;Mise en relation avec les acteurs de la vie \u00e9tudiante<\/li>\n\n\n\n<li class=\"has-medium-font-size\">&nbsp;&nbsp;&nbsp;&nbsp;&nbsp;&nbsp;&nbsp;Plans et astuces job \u00e9tudiant&nbsp;<\/li>\n<\/ul>\n\n\n<div class=\"wpforms-container wpforms-container-full wpforms-block wpforms-block-8d1da085-e5d9-43e6-b67b-17e33efc80c6 wpforms-render-modern\" id=\"wpforms-614\"><form id=\"wpforms-form-614\" class=\"wpforms-validate wpforms-form wpforms-ajax-form\" data-formid=\"614\" method=\"post\" enctype=\"multipart\/form-data\" action=\"\/index.php?rest_route=%2Fwp%2Fv2%2Fpages%2F599\" data-token=\"96bedb9dd8b89783f21f5c128980c2d6\" data-token-time=\"1777859758\"><noscript class=\"wpforms-error-noscript\">Veuillez activer JavaScript dans votre navigateur pour remplir ce formulaire.<\/noscript><div id=\"wpforms-error-noscript\" style=\"display: none;\">Veuillez activer JavaScript dans votre navigateur pour remplir ce formulaire.<\/div><div class=\"wpforms-field-container\"><div id=\"wpforms-614-field_1-container\" class=\"wpforms-field wpforms-field-name\" data-field-id=\"1\"><fieldset><legend class=\"wpforms-field-label\">Nom <span class=\"wpforms-required-label\" aria-hidden=\"true\">*<\/span><\/legend><div class=\"wpforms-field-row wpforms-field-medium\"><div class=\"wpforms-field-row-block wpforms-first wpforms-one-half\"><input type=\"text\" id=\"wpforms-614-field_1\" class=\"wpforms-field-name-first wpforms-field-required\" name=\"wpforms[fields][1][first]\" aria-errormessage=\"wpforms-614-field_1-error\" required><label for=\"wpforms-614-field_1\" class=\"wpforms-field-sublabel after\">Pr\u00e9nom<\/label><\/div><div class=\"wpforms-field-row-block wpforms-one-half\"><input type=\"text\" id=\"wpforms-614-field_1-last\" class=\"wpforms-field-name-last wpforms-field-required\" name=\"wpforms[fields][1][last]\" aria-errormessage=\"wpforms-614-field_1-last-error\" required><label for=\"wpforms-614-field_1-last\" class=\"wpforms-field-sublabel after\">Nom<\/label><\/div><\/div><\/fieldset><\/div><div id=\"wpforms-614-field_2-container\" class=\"wpforms-field wpforms-field-email\" data-field-id=\"2\"><label class=\"wpforms-field-label\" for=\"wpforms-614-field_2\">E-mail <span class=\"wpforms-required-label\" aria-hidden=\"true\">*<\/span><\/label><input type=\"email\" id=\"wpforms-614-field_2\" class=\"wpforms-field-medium wpforms-field-required\" name=\"wpforms[fields][2]\" spellcheck=\"false\" aria-errormessage=\"wpforms-614-field_2-error\" required><\/div><div id=\"wpforms-614-field_3-container\" class=\"wpforms-field wpforms-field-number\" data-field-id=\"3\"><label class=\"wpforms-field-label\" for=\"wpforms-614-field_3\">Num\u00e9ro de t\u00e9l\u00e9phone <span class=\"wpforms-required-label\" aria-hidden=\"true\">*<\/span><\/label><input type=\"number\" id=\"wpforms-614-field_3\" class=\"wpforms-field-medium wpforms-field-required\" name=\"wpforms[fields][3]\" step=\"any\" aria-errormessage=\"wpforms-614-field_3-error\" aria-describedby=\"wpforms-614-field_3-description\" required><div id=\"wpforms-614-field_3-description\" class=\"wpforms-field-description\">Portable<\/div><\/div><div id=\"wpforms-614-field_11-container\" class=\"wpforms-field wpforms-field-checkbox\" data-field-id=\"11\"><fieldset><legend class=\"wpforms-field-label\">Je souhaite b\u00e9n\u00e9ficier des accompagnements suivants: <span class=\"wpforms-required-label\" aria-hidden=\"true\">*<\/span><\/legend><ul id=\"wpforms-614-field_11\" class=\"wpforms-field-required\"><li class=\"choice-4 depth-1\"><input type=\"checkbox\" id=\"wpforms-614-field_11_4\" name=\"wpforms[fields][11][]\" value=\"Logement\" aria-errormessage=\"wpforms-614-field_11_4-error\" required ><label class=\"wpforms-field-label-inline\" for=\"wpforms-614-field_11_4\">Logement<\/label><\/li><li class=\"choice-6 depth-1\"><input type=\"checkbox\" id=\"wpforms-614-field_11_6\" name=\"wpforms[fields][11][]\" value=\"D\u00e9marches administratives (Validation visa \u00e9tudiant, CAF, s\u00e9curit\u00e9 sociale etc)\" aria-errormessage=\"wpforms-614-field_11_6-error\" required ><label class=\"wpforms-field-label-inline\" for=\"wpforms-614-field_11_6\">D\u00e9marches administratives (Validation visa \u00e9tudiant, CAF, s\u00e9curit\u00e9 sociale etc)<\/label><\/li><li class=\"choice-8 depth-1\"><input type=\"checkbox\" id=\"wpforms-614-field_11_8\" name=\"wpforms[fields][11][]\" value=\"Ouverture de compte bancaire\" aria-errormessage=\"wpforms-614-field_11_8-error\" required ><label class=\"wpforms-field-label-inline\" for=\"wpforms-614-field_11_8\">Ouverture de compte bancaire<\/label><\/li><li class=\"choice-10 depth-1\"><input type=\"checkbox\" id=\"wpforms-614-field_11_10\" name=\"wpforms[fields][11][]\" value=\"Assurances (habitation, mutuelle)\" aria-errormessage=\"wpforms-614-field_11_10-error\" required ><label class=\"wpforms-field-label-inline\" for=\"wpforms-614-field_11_10\">Assurances (habitation, mutuelle)<\/label><\/li><li class=\"choice-12 depth-1\"><input type=\"checkbox\" id=\"wpforms-614-field_11_12\" name=\"wpforms[fields][11][]\" value=\"Contrats d\u2019\u00e9nergie (\u00e9lectricit\u00e9, gaz)\" aria-errormessage=\"wpforms-614-field_11_12-error\" required ><label class=\"wpforms-field-label-inline\" for=\"wpforms-614-field_11_12\">Contrats d\u2019\u00e9nergie (\u00e9lectricit\u00e9, gaz)<\/label><\/li><li class=\"choice-14 depth-1\"><input type=\"checkbox\" id=\"wpforms-614-field_11_14\" name=\"wpforms[fields][11][]\" value=\"Abonnements (forfaits t\u00e9l\u00e9phoniques, internet, transport)\" aria-errormessage=\"wpforms-614-field_11_14-error\" required ><label class=\"wpforms-field-label-inline\" for=\"wpforms-614-field_11_14\">Abonnements (forfaits t\u00e9l\u00e9phoniques, internet, transport)<\/label><\/li><li class=\"choice-16 depth-1\"><input type=\"checkbox\" id=\"wpforms-614-field_11_16\" name=\"wpforms[fields][11][]\" value=\"Mise en relation avec les acteurs de la vie \u00e9tudiante\" aria-errormessage=\"wpforms-614-field_11_16-error\" required ><label class=\"wpforms-field-label-inline\" for=\"wpforms-614-field_11_16\">Mise en relation avec les acteurs de la vie \u00e9tudiante<\/label><\/li><li class=\"choice-18 depth-1\"><input type=\"checkbox\" id=\"wpforms-614-field_11_18\" name=\"wpforms[fields][11][]\" value=\"Plans et astuces job \u00e9tudiant\" aria-errormessage=\"wpforms-614-field_11_18-error\" required ><label class=\"wpforms-field-label-inline\" for=\"wpforms-614-field_11_18\">Plans et astuces job \u00e9tudiant<\/label><\/li><\/ul><\/fieldset><\/div><div id=\"wpforms-614-field_12-container\" class=\"wpforms-field wpforms-field-textarea\" data-field-id=\"12\"><label class=\"wpforms-field-label\" for=\"wpforms-614-field_12\">Message<\/label><textarea id=\"wpforms-614-field_12\" class=\"wpforms-field-medium\" name=\"wpforms[fields][12]\" aria-errormessage=\"wpforms-614-field_12-error\" aria-describedby=\"wpforms-614-field_12-description\" ><\/textarea><div id=\"wpforms-614-field_12-description\" class=\"wpforms-field-description\">Quelques mots sur vos besoins d&rsquo;accompagnement<\/div><\/div>\t\t<div id=\"wpforms-614-field_4-container\"\n\t\t\tclass=\"wpforms-field wpforms-field-text\"\n\t\t\tdata-field-type=\"text\"\n\t\t\tdata-field-id=\"4\"\n\t\t\t>\n\t\t\t<label class=\"wpforms-field-label\" for=\"wpforms-614-field_4\" >consentement Nom E-mail<\/label>\n\t\t\t<input type=\"text\" id=\"wpforms-614-field_4\" class=\"wpforms-field-medium\" name=\"wpforms[fields][4]\" >\n\t\t<\/div>\n\t\t<div id=\"wpforms-614-field_6-container\" class=\"wpforms-field wpforms-field-checkbox\" data-field-id=\"6\"><fieldset><legend class=\"wpforms-field-label\">consentement <span class=\"wpforms-required-label\" aria-hidden=\"true\">*<\/span><\/legend><ul id=\"wpforms-614-field_6\" class=\"wpforms-field-required\"><li class=\"choice-1 depth-1\"><input type=\"checkbox\" id=\"wpforms-614-field_6_1\" name=\"wpforms[fields][6][]\" value=\"En cochant cette case, j\u2019accepte et reconnais avoir pris connaissance de la politique de confidentialit\u00e9 ci-dessous\" aria-errormessage=\"wpforms-614-field_6_1-error\" required ><label class=\"wpforms-field-label-inline\" for=\"wpforms-614-field_6_1\">En cochant cette case, j\u2019accepte et reconnais avoir pris connaissance de la politique de confidentialit\u00e9 ci-dessous<\/label><\/li><\/ul><\/fieldset><\/div><script>\n\t\t\t\t( function() {\n\t\t\t\t\tconst style = document.createElement( 'style' );\n\t\t\t\t\tstyle.appendChild( document.createTextNode( '#wpforms-614-field_4-container { position: absolute !important; overflow: hidden !important; display: inline !important; height: 1px !important; width: 1px !important; z-index: -1000 !important; padding: 0 !important; } #wpforms-614-field_4-container input { visibility: hidden; } #wpforms-conversational-form-page #wpforms-614-field_4-container label { counter-increment: none; }' ) );\n\t\t\t\t\tdocument.head.appendChild( style );\n\t\t\t\t\tdocument.currentScript?.remove();\n\t\t\t\t} )();\n\t\t\t<\/script><\/div><!-- .wpforms-field-container -->\r\n\t\t\t<script>\r\n\t\t\tif ( typeof huOptions !== 'undefined' ) {\r\n\t\t\t\tvar huFormData = {\"source\":\"wpforms\",\"id\":614,\"title\":\"demande d&#039;accompagnement\",\"fields\":{\"subject\":{\"first_name\":\"\",\"last_name\":\"\"}}};\r\n\t\t\t\tvar huFormNode = document.querySelector( '[id=\"wpforms-614\"] form' );\r\n\r\n\t\t\t\tvar firstName = huFormNode.querySelector( 'input.wpforms-field-name-first' );\r\n\t\t\t\tvar lastName = huFormNode.querySelector( 'input.wpforms-field-name-last' );\r\n\r\n\t\t\t\tif ( firstName )\r\n\t\t\t\t\thuFormData['fields']['subject']['first_name'] = firstName.getAttribute( 'name' );\r\n\r\n\t\t\t\tif ( lastName )\r\n\t\t\t\t\thuFormData['fields']['subject']['last_name'] = lastName.getAttribute( 'name' );\r\n\r\n\t\t\t\thuFormData['node'] = huFormNode;\r\n\t\t\t\thuOptions['forms'].push( huFormData );\r\n\t\t\t}\r\n\t\t\t<\/script><div class=\"wpforms-submit-container\" ><input type=\"hidden\" name=\"wpforms[id]\" value=\"614\"><input type=\"hidden\" name=\"page_title\" value=\"\"><input type=\"hidden\" name=\"page_url\" value=\"https:\/\/ytineraire.com\/index.php?rest_route=\/wp\/v2\/pages\/599\"><input type=\"hidden\" name=\"url_referer\" value=\"\"><button type=\"submit\" name=\"wpforms[submit]\" id=\"wpforms-submit-614\" class=\"wpforms-submit\" data-alt-text=\"Envoi...\" data-submit-text=\"Envoyer\" aria-live=\"assertive\" value=\"wpforms-submit\">Envoyer<\/button><img decoding=\"async\" loading=\"lazy\" src=\"https:\/\/ytineraire.com\/wp-content\/plugins\/wpforms-lite\/assets\/images\/submit-spin.svg\" class=\"wpforms-submit-spinner\" style=\"display: none;\" width=\"26\" height=\"26\" alt=\"Chargement en cours\"><\/div><\/form><\/div>  <!-- .wpforms-container -->","protected":false},"excerpt":{"rendered":"<p>Accueil et aide \u00e0 l\u2019installation des \u00e9tudiants internationaux B\u00e9n\u00e9ficiez d\u2019un accompagnement personnalis\u00e9 dans votre parcours d\u2019installation et dans la r\u00e9alisation de vos premi\u00e8res d\u00e9marches administratives. Gr\u00e2ce \u00e0 notre r\u00e9seau de partenaires, nous facilitons vos d\u00e9marches\u00a0:<\/p>\n","protected":false},"author":1,"featured_media":0,"parent":0,"menu_order":0,"comment_status":"closed","ping_status":"closed","template":"","meta":{"om_disable_all_campaigns":false,"_monsterinsights_skip_tracking":false,"_monsterinsights_sitenote_active":false,"_monsterinsights_sitenote_note":"","_monsterinsights_sitenote_category":0,"footnotes":""},"aioseo_notices":[],"_links":{"self":[{"href":"https:\/\/ytineraire.com\/index.php?rest_route=\/wp\/v2\/pages\/599"}],"collection":[{"href":"https:\/\/ytineraire.com\/index.php?rest_route=\/wp\/v2\/pages"}],"about":[{"href":"https:\/\/ytineraire.com\/index.php?rest_route=\/wp\/v2\/types\/page"}],"author":[{"embeddable":true,"href":"https:\/\/ytineraire.com\/index.php?rest_route=\/wp\/v2\/users\/1"}],"replies":[{"embeddable":true,"href":"https:\/\/ytineraire.com\/index.php?rest_route=%2Fwp%2Fv2%2Fcomments&post=599"}],"version-history":[{"count":10,"href":"https:\/\/ytineraire.com\/index.php?rest_route=\/wp\/v2\/pages\/599\/revisions"}],"predecessor-version":[{"id":628,"href":"https:\/\/ytineraire.com\/index.php?rest_route=\/wp\/v2\/pages\/599\/revisions\/628"}],"wp:attachment":[{"href":"https:\/\/ytineraire.com\/index.php?rest_route=%2Fwp%2Fv2%2Fmedia&parent=599"}],"curies":[{"name":"wp","href":"https:\/\/api.w.org\/{rel}","templated":true}]}}