{"id":179,"date":"2023-08-10T12:57:51","date_gmt":"2023-08-10T10:57:51","guid":{"rendered":"https:\/\/ytineraire.com\/?page_id=179"},"modified":"2023-08-23T13:43:46","modified_gmt":"2023-08-23T11:43:46","slug":"pourquoi-ytineraire","status":"publish","type":"page","link":"https:\/\/ytineraire.com\/?page_id=179","title":{"rendered":"Pourquoi Ytin\u00e9raire"},"content":{"rendered":"\n<div class=\"wp-block-columns is-layout-flex wp-container-4 wp-block-columns-is-layout-flex\">\n<div class=\"wp-block-column is-layout-flow wp-block-column-is-layout-flow\"><\/div>\n\n\n\n<div class=\"wp-block-column is-layout-flow wp-block-column-is-layout-flow\">\n<h2 class=\"wp-block-heading has-text-align-center\">Pourquoi Ytin\u00e9raire<\/h2>\n<\/div>\n\n\n\n<div class=\"wp-block-column is-layout-flow wp-block-column-is-layout-flow\"><\/div>\n<\/div>\n\n\n<div class=\"wp-block-image\">\n<figure class=\"aligncenter size-full is-resized\"><img decoding=\"async\" loading=\"lazy\" src=\"https:\/\/ytineraire.com\/wp-content\/uploads\/2023\/08\/Logo-Site-1.png\" alt=\"\" class=\"wp-image-522\" style=\"width:499px;height:138px\" width=\"499\" height=\"138\" srcset=\"https:\/\/ytineraire.com\/wp-content\/uploads\/2023\/08\/Logo-Site-1.png 500w, https:\/\/ytineraire.com\/wp-content\/uploads\/2023\/08\/Logo-Site-1-300x83.png 300w\" sizes=\"(max-width: 499px) 100vw, 499px\" \/><\/figure><\/div>\n\n\n<div style=\"height:100px\" aria-hidden=\"true\" class=\"wp-block-spacer\"><\/div>\n\n\n\n<p class=\"has-medium-font-size\">L&rsquo;id\u00e9e de la cr\u00e9ation d&rsquo;une Association est n\u00e9e des diverses sollicitations que nous recevons individuellement chaque ann\u00e9e de personnes souhaitant r\u00e9aliser leur projet d&rsquo;\u00e9tudes en France. Le bouche \u00e0 oreille aidant, le nombre de sollicitations croit d&rsquo;une ann\u00e9e \u00e0 l\u2019autre. <\/p>\n\n\n\n<p class=\"has-medium-font-size\">Les sollicitations concernent principalement : l&rsquo;aide \u00e0 l&rsquo;inscription au sein d&rsquo;un \u00e9tablissement d&rsquo;\u00e9tudes sup\u00e9rieures, la recherche de logement, l\u2019accueil \u00e0 l\u2019a\u00e9roport et la r\u00e9alisation des premi\u00e8res d\u00e9marches administratives. <\/p>\n\n\n\n<p class=\"has-medium-font-size\">Pour r\u00e9pondre efficacement aux demandes des \u00e9tudiants, il nous a fallu nous organiser autour d\u2019une structure. <\/p>\n\n\n\n<p class=\"has-medium-font-size\">D\u2019o\u00f9 la naissance d\u2019Ytin\u00e9raire, qui comme son nom le laisse entendre, a pour vocation d\u2019assister les \u00e9tudiants tout au long de votre parcours de mobilit\u00e9 internationale.<\/p>\n\n\n\n<div style=\"height:100px\" aria-hidden=\"true\" class=\"wp-block-spacer\"><\/div>\n\n\n\n<div class=\"wp-block-cover is-light\" style=\"min-height:50px\"><span aria-hidden=\"true\" class=\"wp-block-cover__background has-luminous-vivid-amber-background-color has-background-dim-100 has-background-dim\"><\/span><div class=\"wp-block-cover__inner-container is-layout-constrained wp-block-cover-is-layout-constrained\">\n<p class=\"has-text-align-center has-medium-font-size\"><strong>Nos conseillers se tiennent \u00e0 votre disposition pour vous aider \u00e0 r\u00e9aliser votre projet d\u2019\u00e9tudes en toute s\u00e9r\u00e9nit\u00e9\u00a0!<\/strong><\/p>\n<\/div><\/div>\n","protected":false},"excerpt":{"rendered":"<p>Pourquoi Ytin\u00e9raire L&rsquo;id\u00e9e de la cr\u00e9ation d&rsquo;une Association est n\u00e9e des diverses sollicitations que nous recevons individuellement chaque ann\u00e9e de personnes souhaitant r\u00e9aliser leur projet d&rsquo;\u00e9tudes en France. Le bouche \u00e0 oreille aidant, le nombre de sollicitations croit d&rsquo;une ann\u00e9e \u00e0 l\u2019autre. Les sollicitations concernent principalement : l&rsquo;aide \u00e0 l&rsquo;inscription au sein d&rsquo;un \u00e9tablissement d&rsquo;\u00e9tudes [&hellip;]<\/p>\n","protected":false},"author":1,"featured_media":0,"parent":0,"menu_order":0,"comment_status":"closed","ping_status":"closed","template":"","meta":{"om_disable_all_campaigns":false,"_monsterinsights_skip_tracking":false,"_monsterinsights_sitenote_active":false,"_monsterinsights_sitenote_note":"","_monsterinsights_sitenote_category":0,"footnotes":""},"aioseo_notices":[],"_links":{"self":[{"href":"https:\/\/ytineraire.com\/index.php?rest_route=\/wp\/v2\/pages\/179"}],"collection":[{"href":"https:\/\/ytineraire.com\/index.php?rest_route=\/wp\/v2\/pages"}],"about":[{"href":"https:\/\/ytineraire.com\/index.php?rest_route=\/wp\/v2\/types\/page"}],"author":[{"embeddable":true,"href":"https:\/\/ytineraire.com\/index.php?rest_route=\/wp\/v2\/users\/1"}],"replies":[{"embeddable":true,"href":"https:\/\/ytineraire.com\/index.php?rest_route=%2Fwp%2Fv2%2Fcomments&post=179"}],"version-history":[{"count":7,"href":"https:\/\/ytineraire.com\/index.php?rest_route=\/wp\/v2\/pages\/179\/revisions"}],"predecessor-version":[{"id":529,"href":"https:\/\/ytineraire.com\/index.php?rest_route=\/wp\/v2\/pages\/179\/revisions\/529"}],"wp:attachment":[{"href":"https:\/\/ytineraire.com\/index.php?rest_route=%2Fwp%2Fv2%2Fmedia&parent=179"}],"curies":[{"name":"wp","href":"https:\/\/api.w.org\/{rel}","templated":true}]}}